the remainder when y is divided by 45/6*(-12)/(-10)?
7
Suppose -10*x = -6*x - 60. Suppose 0 = -4*q + 187 - 43. Suppose x = -m + q. Calculate the remainder when 40 is divided by m.
19
Suppose 3*x = 6*x - 33. Suppose -4*a + 23 = 2*y - x, -2*y - 1 = -a. What is the remainder when (-4)/18 + 182/9 is divided by a?
6
Let k be -1 + -8*1/(-2). Let u = k + 17. Suppose -897 = -a - 890. Calculate the remainder when u is divided by a.
6
Calculate the remainder when 112 is divided by 495/12 + (2 - (-9)/(-4)).
30
Suppose 0 = 6*a - 11*a + 560. Calculate the remainder when 439 is divided by a.
103
Let m = -141 + 141. Suppose -17 = -3*i + 4. Suppose m = -3*u + i*u - 92. What is the remainder when u is divided by 5?
3
Let g(r) = r**3 + 5*r**2 + 1. Let i be g(-5). Suppose -44 = -q - 5*b, 3*b = 2*b - i. What is the remainder when q is divided by 13?
10
Suppose q - 4*v - 389 = 0, 9*q - 7*q = 2*v + 754. Calculate the remainder when q is divided by 47.
44
Suppose -97 = -3*t - 5*u, 3*t - 2*u + 25 = 129. What is the remainder when 120 is divided by t?
18
Let u = -28998 - -29032. Calculate the remainder when (-2)/(-4) - 806/(-4) is divided by u.
32
Let u = 2266 + -2173. What is the remainder when u is divided by 28?
9
Suppose 24*u - 45 = 1131. Calculate the remainder when 241 is divided by u.
45
Suppose -6*w = 2*u - 8*w - 164, 0 = -4*u + 5*w + 332. What is the remainder when u is divided by 22?
12
Let h = -12 - -12. Let g(r) = -r**2 + 8*r + 5. Let s be g(8). Suppose h*p = s*p - 185. Calculate the remainder when p is divided by 10.
7
Let x = 77 - 35. Suppose 0 = -6*i + 115 + 869. Calculate the remainder when i is divided by x.
38
Let a = -151 - -262. Let i be ((-34)/3)/((-22)/(-33)). Let b = i + 45. What is the remainder when a is divided by b?
27
Let l = -1452 + 2172. Suppose 11*s = 6*s + l. What is the remainder when s is divided by 21?
18
Suppose 0 = 4*n - 136 + 992. Let y be (-28)/(-126) - n/9. Suppose -5 = 2*h + 5*a - 3, 5*h - 2*a = y. What is the remainder when 14 is divided by h?
2
Suppose -4*p = x - 477, 3*p = 7*p + 5*x - 497. Suppose -15*a = -21*a + 120. What is the remainder when p is divided by a?
18
Let c = -1781 - -1792. Calculate the remainder when 296 is divided by c.
10
Let c = 149 + -87. Let m be 1*-3 - (-8 - -5). Suppose -5*n - c = -f, -4*f + m*f + 5*n = -173. Calculate the remainder when f is divided by 13.
11
Let t = -151 + 283. Let o = -95 + t. Calculate the remainder when o is divided by 4.
1
Calculate the remainder when 58 is divided by (1*37 - -1)*(-259)/(-518).
1
Suppose 2 = -4*q + 18. Suppose -3*d = -q*d + 16. Let i(s) = -s**3 + 7*s**2 + s + 7. What is the remainder when i(5) is divided by d?
14
Let v = 19 - 16. Suppose 0 = 5*q + 5*d - 120, -2*q - d + 104 = v*q. What is the remainder when q is divided by 6?
2
Suppose 1382*u = 1392*u - 970. Calculate the remainder when u is divided by 79.
18
Suppose -38*p - 15 = -43*p. Suppose 35 = p*u - 4*m, 0 = -5*u + 3*m - 5*m + 15. Let r(z) = 2*z**3 - z - 1. What is the remainder when r(2) is divided by u?
3
Let o be 4/22 + (-424)/(-88). Suppose -t + o*t = x + 8, -5*t - 5*x + 10 = 0. Suppose -5*n + 42 = -t*n. What is the remainder when n is divided by 3?
2
What is the remainder when 157 + -3 + (-8)/2 is divided by 19?
17
Let k = -882 - -2105. What is the remainder when k is divided by 25?
23
Let b = -57 - -93. Suppose 8*x = 6*x + b. Calculate the remainder when 35 is divided by x.
17
Let w = -37 + 27. Let q = w - -13. What is the remainder when 7 is divided by q?
1
Suppose -30*j + 229 = -29*j. Suppose -3*n + 8 = -j. Suppose -3*w = -w - 54. What is the remainder when n is divided by w?
25
Let s(w) = 9*w + 143. What is the remainder when (-137)/(-5) + 2/(-5) is divided by s(-15)?
3
Let s(k) = -k**3 + 8*k**2 + 14*k - 21. What is the remainder when 30 is divided by s(9)?
6
Let b = -1923 - -1939. What is the remainder when 428 is divided by b?
12
Calculate the remainder when 68 is divided by 1/5 - 702/(-65).
2
Suppose -y + 30 = -5*g, 20 = -g - 4*g. Calculate the remainder when y is divided by (4 - -4 - -2) + -4.
4
Let b = 13 + 2. Suppose 65*g = 66*g - 6. Calculate the remainder when b is divided by g.
3
What is the remainder when 126 is divided by (-648)/126*-7 + (-12)/2?
6
Let f = -516 + 544. Calculate the remainder when 97 is divided by f.
13
Let b(y) = y**2 - 7*y + 16. What is the remainder when 53 is divided by b(8)?
5
Suppose -77*j - 103 = -78*j. Calculate the remainder when 202 is divided by j.
99
Suppose -18 = -3*z - 0. Let i(v) = v**3 - 5*v**2 + 2*v - 6. Calculate the remainder when i(z) is divided by 16.
10
Suppose 10*t - 10 = 20*t. Calculate the remainder when 100 is divided by (-548)/(-16) + t/4.
32
Let c be 22/4 - (-2)/4. Let z be (-11)/(-7) + c/14. Suppose 3*a = -z*a + 55. What is the remainder when 42 is divided by a?
9
Suppose -5*f + 471 + 459 = 0. What is the remainder when (-1)/(-2)*f/3 is divided by 303/27 - (-2)/(-9)?
9
What is the remainder when 71 is divided by ((-621)/(-69))/(0 - -1)?
8
Suppose 0 = j - 2 - 13. Suppose -b - b - 2*r + 20 = 0, -j = 5*r. What is the remainder when 37 is divided by b?
11
Suppose 0 - 10 = 2*x. Let q = x - -27. Let c = q - 14. What is the remainder when 63 is divided by c?
7
Let u = 6 - -12. What is the remainder when (-22)/(-176)*-12*272/(-6) is divided by u?
14
Let s = 1772 + -1763. What is the remainder when 348 is divided by s?
6
Suppose -15*h + 5*c + 580 = -11*h, 3*h - 440 = 5*c. Calculate the remainder when h is divided by 13.
10
Let b(n) = -53*n - 224. Let s be b(-4). Let x(q) = -q**2 + q + 3. Let i be x(3). What is the remainder when 47 is divided by i*(-14)/s*-2?
5
What is the remainder when 41 is divided by (10 + -4)*40/6?
1
Suppose -20 = 3*v + 4*o, -2*v - 2*o - 10 = -5*v. Suppose v = 4*i + 20, 26 + 17 = -c - 5*i. Let l = -7 - c. Calculate the remainder when 42 is divided by l.
9
Let g be 8/16 + 345/6. Suppose 0 = -5*w + 3*w + 4*r + g, -2*w - 4*r = -26. Calculate the remainder when w is divided by 6.
3
Let v(o) = -43*o + 19 + 95*o - 49*o. What is the remainder when v(5) is divided by (1*-2 - -11) + -2?
6
Let b = 74 + -49. Let t = -514 - -521. What is the remainder when b is divided by t?
4
Let g = -13 + 14. Let a be (1 - 15) + -3 - g. Let l = a + 33. Calculate the remainder when l is divided by 6.
3
Let o = 1060 - 1043. Calculate the remainder when 849 is divided by o.
16
Suppose -59*n + 62*n = 525. What is the remainder when n is divided by 94?
81
Suppose 5*i - 24 = -s, -4*i = -2*s - 3 - 5. What is the remainder when 39 is divided by 2 - (-7 + -1 + s)?
3
Let y(q) = 2*q + 83. Calculate the remainder when y(30) is divided by 12.
11
Suppose 3*q - 20 = 13. Let m = 80 - 83. Let p = m - -34. What is the remainder when p is divided by q?
9
Suppose -2*r + 10 = -0*r. Calculate the remainder when r is divided by 16/(-6)*(-3)/4.
1
Let o(k) = 3 + 5 - 2*k - 2 - 1. Calculate the remainder when (0 - (-1 + 2))*-19 is divided by o(-3).
8
Let h = 32 + -31. Let v = h + 0. Calculate the remainder when (-14)/(-6) - 1/3 is divided by v.
0
Suppose u = -2*u + 27. What is the remainder when 1 + -1 + 207/u is divided by 12?
11
Let l = -11 + 25. Let z be ((-10)/3)/((-4)/6). Suppose z*v + 66 = x, 57 = 3*x + 3*v - 51. What is the remainder when x is divided by l?
13
Let a(n) = n**2 - 5*n + 5. Let f be a(5). Suppose k - f*k = -140. Suppose z - 7 = t - 3, 25 = 5*z - 4*t. Calculate the remainder when k is divided by z.
8
Let u(d) = d + 25. What is the remainder when 119 is divided by u(-14)?
9
Suppose -5*m + 4 - 4 = 0. What is the remainder when 5 - (2 - m) - (-40)/8 is divided by 2?
0
Let t = -18 + -11. Let o = -17 - t. Suppose -o = 6*f - 96. Calculate the remainder when 39 is divided by f.
11
Suppose 57 = 8*p - 15. Calculate the remainder when p is divided by 2.
1
Suppose 36 = 2*x + x. Suppose 3536 - 3361 = 5*m. Calculate the remainder when m is divided by x.
11
Suppose -4*r = -124 - 8. Let z(b) = -b**3 + b. Let g be z(1). What is the remainder when r is divided by (g + 0 + -9)/(-1)?
6
Calculate the remainder when 825 is divided by 21/14*(-12)/90*-295.
58
Let k(p) = 2*p**2 + 6*p + 6. Let h be k(-5). Suppose 4*r = f + h, -2*f = 5*r + f - 24. Calculate the remainder when 41 is divided by r.
5
Let s = -942 + 1018. Calculate the remainder when s is divided by 10.
6
Suppose -4*a = 25